3 (base 4) to base 2.
1111110111
Convert 101100110100 (base 2) to base 13.
13c8
What is 44168 (base 9) in base 8?
71167
Convert 13063 (base 7) to base 4.
312103
Convert 357 (base 15) to base 10.
757
What is 1769 (base 11) in base 15?
a03
-1101010 (base 2) to base 4
-1222
-10101001100111 (base 2) to base 8
-25147
What is 21321 (base 5) in base 13?
885
What is 34223 (base 8) in base 7?
60140
2423 (base 7) to base 16
383
Convert -64 (base 11) to base 15.
-4a
Convert 122100100 (base 3) to base 12.
7399
-1342 (base 5) to base 15
-ec
Convert -627 (base 8) to base 6.
-1515
10055 (base 11) to base 13
68cb
What is 2140 (base 14) in base 10?
5740
Convert 247 (base 12) to base 4.
11113
-2021111000 (base 3) to base 10
-44820
Convert 284 (base 9) to base 14.
130
-26607 (base 9) to base 13
-825a
-556 (base 11) to base 6
-3030
-b7 (base 13) to base 7
-303
What is -110011011 (base 2) in base 12?
-2a3
Convert 2411 (base 5) to base 6.
1352
a2 (base 15) to base 11
129
Convert -16336 (base 8) to base 7.
-30355
Convert -30304 (base 7) to base 13.
-3469
What is 1420433 (base 6) in base 2?
10011101010000101
Convert -240320 (base 5) to base 13.
-4038
Convert a56 (base 13) to base 14.
8db
Convert -1111100001111 (base 2) to base 13.
-3808
Convert 236 (base 14) to base 15.
1e5
What is -115 (base 9) in base 8?
-137
What is 5bb6 (base 13) in base 14?
4a41
What is c54 (base 13) in base 6?
13413
What is -451 (base 12) in base 4?
-21331
Convert -b1 (base 14) to base 2.
-10011011
What is -1048 (base 15) in base 9?
-4645
30034 (base 6) to base 9
5324
Convert 213 (base 8) to base 9.
164
What is 7846 (base 9) in base 10?
5793
Convert 4390 (base 13) to base 16.
24c4
Convert ee5a (base 15) to base 7.
300121
-453334 (base 6) to base 9
-57554
Convert 29 (base 12) to base 16.
21
What is 11010011 (base 2) in base 13?
133
-142 (base 7) to base 4
-1033
6 (base 10) to base 5
11
Convert 2100223 (base 4) to base 13.
42a3
What is -4813 (base 10) in base 5?
-123223
Convert -2561 (base 11) to base 13.
-1696
101140 (base 5) to base 14
12b5
Convert -4343 (base 6) to base 7.
-2625
10001001011111 (base 2) to base 4
2021133
Convert -101a (base 14) to base 2.
-101011010000
Convert -6d76 (base 15) to base 12.
-11586
What is 15461 (base 8) in base 2?
1101100110001
Convert -1975 (base 14) to base 13.
-2139
Convert 652 (base 12) to base 6.
4142
What is 634d (base 15) in base 8?
51006
11003311 (base 4) to base 3
1001102121
What is -440 (base 10) in base 4?
-12320
What is -4142 (base 13) in base 10?
-9011
What is -25506 (base 7) in base 16?
-1a70
24201 (base 5) to base 14
929
Convert -36207 (base 8) to base 4.
-3302013
What is 12487 (base 9) in base 16?
20e6
What is -2e04 (base 15) in base 3?
-111120211
What is -1101110110110010 (base 2) in base 13?
-1caa9
What is -8 (base 9) in base 7?
-11
What is -b0c0 (base 13) in base 6?
-304335
-11495 (base 10) to base 13
-5303
What is 226c8 (base 14) in base 5?
10134142
What is -5159 (base 10) in base 6?
-35515
What is a73 (base 12) in base 3?
2002120
-194 (base 14) to base 12
-232
12002 (base 3) to base 12
b5
What is -3022 (base 8) in base 4?
-120102
Convert 111100101100 (base 2) to base 10.
3884
What is -31c (base 16) in base 9?
-1074
10b (base 12) to base 4
2123
What is -528 (base 15) in base 14?
-5d1
What is -4867 (base 9) in base 3?
-11222021
Convert -1a80 (base 12) to base 15.
-e79
Convert -1011110000001 (base 2) to base 16.
-1781
What is 1f42 (base 16) in base 6?
101014
-22300001 (base 4) to base 14
-12093
-37e (base 16) to base 8
-1576
10020200 (base 4) to base 15
5038
Convert 1022 (base 8) to base 15.
255
Convert -1442 (base 14) to base 15.
-10e1
11000012201 (base 3) to base 11
542a5
Convert 132201 (base 4) to base 6.
13013
Convert 67 (base 12) to base 5.
304
Convert -261 (base 12) to base 2.
-101101001
What is -37285 (base 9) in base 13?
-b510
What is -10139 (base 10) in base 9?
-14815
1344302 (base 5) to base 13
ca1a
-101a (base 12) to base 3
-2101211
Convert 68c (base 15) to base 10.
1482
What is 4d (base 14) in base 2?
1000101
What is 703 (base 15) in base 10?
1578
Convert 32936 (base 11) to base 12.
23741
What is 150312 (base 6) in base 16?
3824
Convert -22 (base 12) to base 14.
-1c
Convert -216 (base 11) to base 6.
-1111
Convert 168 (base 12) to base 16.
e0
-3030a (base 11) to base 12
-21774
-1011212 (base 3) to base 6
-3552
What is -15047 (base 9) in base 10?
-10249
What is 24764 (base 8) in base 6?
121420
-312202 (base 4) to base 2
-110110100010
18dd (base 15) to base 4
1110013
Convert 71 (base 11) to base 7.
141
Convert -120221 (base 3) to base 9.
-527
What is -348 (base 12) in base 16?
-1e8
-138 (base 12) to base 16
-bc
654 (base 9) to base 7
1363
-9a2 (base 12) to base 4
-112022
What is -30203 (base 5) in base 16?
-788
Convert e5 (base 15) to base 9.
258
What is -16734 (base 9) in base 3?
-120211011
What is -14111 (base 5) in base 4?
-102010
Convert -6013 (base 9) to base 5.
-120021
What is -204 (base 7) in base 5?
-402
4259 (base 10) to base 13
1c28
Convert 2412411 (base 5) to base 2.
1010111010111011
What is -202202010 (base 3) in base 11?
-103a9
Convert -35540 (base 6) to base 11.
-3982
Convert 445 (base 6) to base 7.
335
Convert -29a7 (base 13) to base 15.
-1bd7
Convert 1059 (base 13) to base 2.
100011011111
Convert 100 (base 7) to base 13.
3a
34403 (base 6) to base 4
1030203
What is -145 (base 15) in base 5?
-2130
a44 (base 14) to base 7
5614
3076 (base 10) to base 3
11012221
2014 (base 12) to base 9
4677
What is 1313040 (base 5) in base 12?
13084
What is 33300 (base 6) in base 2?
1001000100100
132331 (base 4) to base 2
11110111101
Convert 1714 (base 8) to base 15.
44c
Convert -406 (base 12) to base 10.
-582
Convert -30221 (base 4) to base 7.
-2234
What is 10200 (base 3) in base 7?
201
Convert -25808 (base 9) to base 4.
-10100033
What is 122 (base 12) in base 16?
aa
-10153 (base 6) to base 2
-10101010101
Convert -22200101 (base 3) to base 16.
-18b8
Convert 144044 (base 5) to base 4.
1200011
What is ca6 (base 14) in base 13?
11a2
Convert 7 (base 13) to base 6.
11
-27 (base 10) to base 12
-23
Convert 44029 (base 11) to base 3.
10020200101
-20107 (base 8) to base 12
-4947
Convert -18193 (base 11) to base 12.
-12920
What is 139ac (base 16) in base 3?
11002011002
What is 751 (base 10) in base 6?
3251
What is -5a8a9 (base 11) in base 5?
-10300402
Convert -a45 (base 13) to base 8.
-3323
What is 10a (base 11) in base 7?
245
22102 (base 3) to base 10
227
-13030 (base 4) to base 3
-122001
What is 1675 (base 15) in base 3?
20122002
Convert 7d8 (base 15) to base 16.
6f2
What is -50c1 (base 16) in base 3?
-1001100200
222222120 (base 3) to base 6
231023
What is -1198 (base 11) in base 16?
-617
What is -11245 (base 6) in base 9?
-2182
Convert -13360 (base 9) to base 15.
-2a30
What is 5451 (base 11) in base 8?
16033
48ee (base 16) to base 13
8662
Convert 489 (base 16) to base 2.
10010001001
Convert 540 (base 9) to base 13.
27c
What is -35031 (base 6) in base 7?
-20353
What is -215 (base 8) in base 16?
-8d
-120 (base 7) to base 13
-4b
-2005 (base 8) to base 13
-612
a89 (base 11) to base 9
1712
What is -2346 (base 7) in base 14?
-45d
What is 2281 (base 10) in base 15?
a21
Convert -85 (base 16) to base 10.
-133
Convert -2b37 (base 16) to base 10.
-11063
-10100001101111 (base 2) to base 14
-3ab5
Convert -101121022 (base 3) to base 15.
-2455
17936 (base 11) to base 8
60776
What is 403b (base 16) in base 2?
100000000111011
What is e9 (base 15) in base 11?
18a
202211 (base 3) to base 10
562
-10611 (base 7) to base 11
-2038
What is -44706 (base 8) in base 6?
-223234
Convert 73 (base 10) to base 14.
53
Convert -67b4 (base 14) to base 4.
-10121022
What is -276 (base 13) in base 14?
-231
-ea7 (base 15) to base 14
-12c3
Convert -3973 (base 16) to base 10.
-14707
-3034 (base 7) to base 10
-1054
Convert -14024 (base 8) to base 7.
-23654
Convert -10433 (base 8) to base 12.
-264b
2229 (base 11) to base 15
d0a
-e5b (base 15) to base 11
-2482
c1 (base 14) to base 13
100
-48 (base 15) to base 16
-44
Convert -2b3 (base 16) to base 3.
-221121
Convert 7232 (base 9) to base 2.
1010010101110
Convert -122420 (base 5) to base 13.
-2203
What is 524 (base 6) in base 12?
144
Convert -135031 (base 7) to base 10.
-25747
Convert 762 (base 12) to base 3.
1111002
What is -62611 (base 